42, -5*h = 3*j - 262. What is the greatest common factor of 125 and h?
25
Let u(x) = x. Let d be u(4). Suppose -5*f - 22 = -42. Suppose v + d*c - 13 = 0, -f*v = -8*v - 5*c + 52. What is the highest common factor of v and 39?
13
Let c = 28 - 17. Calculate the greatest common factor of c and 11.
11
Suppose 5*k = 25, 0*k + 62 = -2*r - 2*k. Let l be (r/30)/((-3)/80). What is the greatest common divisor of 8 and l?
8
Suppose 45 = 2*d - 3. Suppose -3*b = -2*b - 96. Calculate the greatest common factor of b and d.
24
Suppose -n - 12 = -5*n. What is the highest common factor of 6 and n?
3
Suppose r - 5*z = 176, 4*z + 2 = 2*z. What is the greatest common factor of r and 19?
19
Suppose u - 4*x + 12 = 3*u, -5*x = u - 9. What is the highest common divisor of 4 and u?
4
Let u be (176/3)/(2/(-15)). Let a = -256 - u. Calculate the highest common divisor of a and 23.
23
Let k be (-1)/2 + (-1)/2. Let u be k + -1 + 44 + 2. Let o(x) = x - 11. Let j be o(15). What is the greatest common divisor of j and u?
4
Let t be (-6)/(-9) + (-140)/(-15). What is the highest common divisor of t and 30?
10
Let n be (5544/45)/7 + 4/10. What is the greatest common divisor of 45 and n?
9
Let p be 40 - (-5 + 20/4). What is the highest common divisor of 16 and p?
8
Suppose -3*l = -5*u - 63, l - u - 13 = 10. Let t = -11 + 24. What is the highest common factor of l and t?
13
Let q = 7 + -7. Let j be (-2 - 0) + (-16 - q). Let h be (-9)/(-1 + (-17)/j). Calculate the highest common divisor of 18 and h.
18
Let u be 12/20 + 604/10. Suppose -19 - u = -2*z. Calculate the greatest common divisor of 100 and z.
20
Let x(k) = -k**2 + 21*k + 8. Let y be x(17). What is the greatest common divisor of y and 19?
19
Suppose 5*g + 4*p = 25, -3*g + 3*p = -p - 15. Suppose -2*c - 7 + 3 = g*x, 0 = -3*c + 4*x + 17. Calculate the greatest common divisor of 15 and c.
3
Let s = 66 + -26. Suppose 4*f = -3*y + 4, -4*y - y + 25 = 3*f. What is the greatest common divisor of s and y?
8
Suppose u + 4*h + 3 = 0, -3*u - 29 = 4*h - 2*h. Let a(c) = -c**2 - 12*c + 7. Let v be a(u). Let z = 149 - 95. Calculate the greatest common factor of v and z.
18
Let m(c) = -c**2 + 9*c - 6. Suppose 3*y - 23 - 1 = 0. Let g be m(y). Suppose g - 3 = -o. What is the greatest common factor of o and 4?
1
Let t = 21 + -15. Let y = t + -3. Let g(l) = 8*l**2 - l - 1. Let a be g(-2). What is the greatest common divisor of a and y?
3
Suppose 3*l = -w + 50, w - 4*w + 6 = 0. What is the highest common divisor of 40 and l?
8
Let v = 3 + -4. Let d(w) = 10*w - 1. Let c(b) = -11*b + 2. Let m(o) = -2*c(o) - 3*d(o). Let z be m(v). What is the greatest common factor of 14 and z?
7
Let k(b) = 4*b - 3. Let j(f) = f**3 - 2*f**2 - 1. Let q be j(3). Let i be k(q). Suppose -4*d + i = -3. What is the highest common divisor of d and 64?
8
Let y be 46 + 1/(2/4). Let m(u) = -u**3 + 15*u**2 + 15*u + 18. Let l be m(16). Suppose 0 = l*z - z - y. What is the greatest common factor of z and 6?
6
Let g(b) = b**2 - 2*b + 1. Let i be g(5). Let m(d) = 4*d - 16. Let v be m(10). Calculate the greatest common divisor of i and v.
8
Suppose -4*u = -12, -6*d = -d + u - 93. Let g be 4/14 + 178/14. Let s = 15 - g. What is the greatest common divisor of d and s?
2
Let y(n) = 34 + n + 5 - 3*n. Let a(q) = q - 19. Let t(v) = -7*a(v) - 3*y(v). Let m be t(0). Calculate the highest common divisor of m and 8.
8
Let m = -90 + -66. Let b = 354 + m. Calculate the highest common divisor of 18 and b.
18
Suppose h - 24 = -0. Let z = 11 + h. What is the greatest common factor of 5 and z?
5
Let q be (-1 - -1 - 0) + 2. Let t be 374/14 + q/7. Calculate the highest common factor of 9 and t.
9
Let r(t) = 7*t - 7. Let h be r(-5). Let c = h - -59. Let d = 28 - c. Calculate the greatest common divisor of d and 22.
11
Let l be (4/(-6))/((-1)/3). Suppose -90 = -l*o + o. Let u = o + -50. Calculate the highest common divisor of u and 16.
8
Let q be ((-3)/2)/(1/(-2)). Suppose f - 6*f + 10 = 0. Calculate the greatest common divisor of f and q.
1
Let o(r) be the second derivative of -3*r - 7/6*r**3 + 0 + 1/12*r**4 - 3/2*r**2. Let n be o(10). What is the highest common factor of 9 and n?
9
Suppose -2*x + 2 = -3*x. Let g be ((-6)/(-9))/(x/(-81)). Let v be g/3 + -2 + -1. Calculate the highest common factor of v and 30.
6
Let i(n) = 9*n - 9. Suppose d - 9 = -d - g, 0 = -d + g + 12. Let l be i(d). Let r(j) = -12*j. Let q be r(-3). Calculate the greatest common divisor of q and l.
18
Let q be 62/((-1)/(-6)*4). Let f = 3 + q. What is the greatest common divisor of 64 and f?
32
Let v(z) = z + 9. Let f be v(9). Calculate the highest common divisor of f and 90.
18
Suppose -4*w + 106 = -h, 4*h + 3 = -5. What is the greatest common factor of w and 208?
26
Let d(s) = -3*s + 1. Let m(a) = 10*a - 3. Let b(x) = 14*d(x) + 4*m(x). Let i be b(-4). What is the highest common factor of i and 10?
10
Suppose -32 = 5*x + 58. Let f be ((-80)/(-6))/(x/(-27)). What is the greatest common divisor of f and 50?
10
Suppose -4*i + 7 - 3 = 0. Let s = 7 - 5. What is the highest common factor of i and s?
1
Let j be -6*4*(-3 - (-9)/6). Calculate the greatest common factor of j and 9.
9
Suppose -f = -6*l + 4*l, -16 = -2*f - 4*l. Suppose -f = -i - 3*i. Calculate the greatest common factor of i and 1.
1
Let s be 0 + 1 + -22 + 2. Let v = s + 33. Suppose -2*q = -2*w - 0*q + 12, 3*w - v = -q. What is the greatest common factor of 20 and w?
5
Let t = -3 + 4. Let c = t - -17. Suppose o = -2*o + c. Calculate the highest common divisor of 54 and o.
6
Let s(u) = -3*u + 2. Let k be s(-2). Suppose 0 = 2*t + c - 3*c - 24, -2*c - k = -t. Let a = -9 + t. Calculate the greatest common divisor of a and 28.
7
Suppose m - 6 = -13. Let x(y) = -3*y - 2. Let s be x(m). What is the greatest common factor of 57 and s?
19
Let m be 0/((-1)/(-2)*-2). Suppose 4*k - 5*a + 435 = m, -3 = -5*k - 4*a - 598. Let s = -80 - k. What is the greatest common divisor of s and 7?
7
Suppose -4*o = -2*v - 20, -4*v + 2*v - o = -5. Suppose -55 = -v*r - 5*r. What is the highest common factor of r and 77?
11
Suppose 246 = 2*s + 38. Suppose 2*t - s = 94. What is the highest common divisor of 33 and t?
33
Suppose 4*z = 3*m - 65, -3*m - 3*z = -2*z - 85. Calculate the highest common factor of 243 and m.
27
Let m be (-2)/21 + 37519/357. Suppose 45 = 4*j - 39. What is the greatest common divisor of j and m?
21
Let r = 73 - -102. What is the highest common factor of 35 and r?
35
Suppose 2*b = -2*d + 6, -4*b + 7*b = -2*d + 3. Let o be d/(-27) - (-1140)/27. Calculate the highest common factor of 14 and o.
14
Let n = -14 + 27. Suppose 0 = -4*d + 4*q - 7*q + 474, 0 = -3*d + q + 349. What is the greatest common factor of n and d?
13
Let v(n) = -n**3 - 7*n**2 - 8*n - 7. Let o be v(-6). Let y(l) = 7*l + 7 + 2*l**2 + 0*l + 2*l. Let a be y(-6). What is the highest common divisor of a and o?
5
Let y(s) = s**2 + 7*s + 3. Let i be y(-7). Let q = i + 10. Calculate the greatest common factor of q and 104.
13
Let y = 63 + -60. Calculate the highest common divisor of y and 9.
3
Suppose 0 = -2*i - 2*k - 226, i + 4*k = -18 - 92. Let y = 177 + i. Suppose 4*g - 36 = -2*j, 4*g - 23 = -5*j + 13. What is the highest common divisor of y and g?
9
Let p be (4/(-4) - -2) + 4. What is the highest common divisor of p and 2?
1
Let b(r) = r + 4. Let n be b(-3). Calculate the greatest common divisor of 1 and n.
1
Suppose 2*n + 2 = -10. Let p = n + 26. Suppose -5*m = -p - 30. What is the highest common factor of 15 and m?
5
Let w be (26/(-6) + 4)*-6. Calculate the greatest common factor of w and 16.
2
Let a = 226 - 217. Calculate the greatest common divisor of 171 and a.
9
Let h = 64 - 46. Let a = -39 - -84. Calculate the greatest common factor of a and h.
9
Let p(f) = 4*f + 1 + 6 - 2*f**3 + 0 + f**3 - 4*f**2. Let t be p(-5). What is the greatest common divisor of t and 60?
12
Let c(t) = -2*t**3 - 6*t**2 - 5*t. Let l be c(-4). Suppose -5*x = 3*w - 29, -3*x = w - 6*x - 19. What is the greatest common factor of l and w?
13
Let d(s) = s**2 - s + 1. Let g be d(2). Let b be (-44)/(-3) - (-1)/g. Calculate the highest common divisor of b and 165.
15
Let b = 183 - 177. What is the greatest common divisor of 138 and b?
6
Let l be 209 + (-7)/((-28)/(-8)). What is the greatest common divisor of 23 and l?
23
Suppose 2*t + 1 - 7 = 0. Supp